of 42 and 3.
3
Calculate the greatest common factor of 1026 and 36.
18
What is the highest common factor of 14 and 10871?
7
What is the greatest common divisor of 247 and 26?
13
What is the greatest common divisor of 1547 and 52?
13
Calculate the highest common factor of 108 and 1026.
54
Calculate the greatest common factor of 235 and 6580.
235
What is the greatest common factor of 79 and 1501?
79
What is the greatest common divisor of 29715 and 42?
21
Calculate the highest common divisor of 32 and 1064.
8
What is the greatest common factor of 215 and 129?
43
What is the highest common divisor of 4032 and 1071?
63
What is the greatest common divisor of 106 and 6731?
53
What is the greatest common factor of 904 and 248?
8
What is the greatest common factor of 11542 and 29?
29
Calculate the highest common divisor of 15 and 3065.
5
What is the greatest common divisor of 5192 and 1888?
472
What is the greatest common divisor of 440 and 52?
4
What is the highest common factor of 2 and 588?
2
What is the highest common factor of 714 and 35?
7
Calculate the highest common divisor of 21 and 1050.
21
Calculate the greatest common factor of 35 and 13895.
35
What is the highest common factor of 565 and 1243?
113
What is the highest common divisor of 66 and 65406?
66
Calculate the greatest common factor of 36 and 522.
18
What is the greatest common divisor of 147 and 8281?
49
What is the highest common factor of 253 and 341?
11
Calculate the greatest common factor of 90 and 594.
18
Calculate the greatest common factor of 7 and 224.
7
What is the greatest common factor of 246 and 1189?
41
Calculate the highest common factor of 3705 and 1625.
65
Calculate the highest common divisor of 44 and 781.
11
Calculate the greatest common factor of 22 and 2673.
11
Calculate the highest common divisor of 256 and 352.
32
What is the greatest common factor of 882 and 378?
126
What is the greatest common divisor of 41 and 6929?
41
Calculate the highest common factor of 32 and 16.
16
Calculate the highest common divisor of 6 and 198.
6
Calculate the greatest common factor of 1380 and 24.
12
What is the greatest common divisor of 339 and 15?
3
What is the greatest common divisor of 168 and 105?
21
What is the greatest common divisor of 116 and 7801?
29
What is the greatest common factor of 595 and 945?
35
What is the greatest common divisor of 21 and 777?
21
What is the greatest common factor of 48 and 528?
48
What is the highest common divisor of 110 and 60?
10
What is the greatest common factor of 192 and 3?
3
Calculate the greatest common divisor of 1386 and 378.
126
Calculate the highest common factor of 28 and 238.
14
Calculate the highest common divisor of 8 and 1036.
4
What is the highest common divisor of 618 and 1133?
103
What is the highest common factor of 1628 and 44?
44
Calculate the highest common factor of 4077 and 81.
27
What is the greatest common divisor of 164 and 205?
41
Calculate the highest common divisor of 1600 and 80.
80
Calculate the highest common divisor of 147 and 245.
49
Calculate the greatest common divisor of 2135 and 183.
61
Calculate the highest common divisor of 7284 and 24.
12
What is the greatest common divisor of 37 and 4181?
37
Calculate the greatest common divisor of 267 and 3.
3
What is the greatest common factor of 88 and 220?
44
What is the highest common factor of 182 and 35?
7
What is the highest common divisor of 27 and 729?
27
Calculate the highest common divisor of 19 and 209.
19
What is the highest common factor of 43 and 129?
43
Calculate the greatest common divisor of 4864 and 19.
19
Calculate the highest common divisor of 332 and 26394.
166
What is the greatest common factor of 10406 and 86?
86
What is the greatest common factor of 1147 and 93?
31
What is the greatest common divisor of 24 and 4980?
12
Calculate the greatest common divisor of 666 and 45.
9
What is the greatest common divisor of 4950 and 15?
15
What is the greatest common divisor of 240 and 72?
24
What is the highest common divisor of 441 and 49?
49
What is the greatest common factor of 16 and 12?
4
Calculate the greatest common factor of 420 and 8.
4
What is the highest common factor of 231 and 63?
21
Calculate the highest common divisor of 96 and 128.
32
Calculate the highest common factor of 86 and 258.
86
What is the greatest common divisor of 713 and 248?
31
Calculate the highest common divisor of 77 and 275.
11
Calculate the greatest common factor of 114 and 6042.
114
What is the highest common divisor of 228 and 72?
12
Calculate the greatest common factor of 84 and 1239.
21
What is the greatest common factor of 156 and 48?
12
Calculate the greatest common divisor of 22412 and 65.
13
What is the highest common divisor of 24 and 662?
2
Calculate the greatest common factor of 545 and 436.
109
Calculate the highest common factor of 76 and 532.
76
What is the highest common divisor of 28117 and 31?
31
What is the greatest common divisor of 50191 and 53?
53
What is the highest common factor of 34 and 8449?
17
What is the greatest common divisor of 84 and 732?
12
What is the highest common divisor of 1170 and 180?
90
What is the greatest common factor of 40 and 1660?
20
What is the greatest common factor of 72 and 60?
12
What is the greatest common factor of 8805 and 345?
15
What is the greatest common factor of 238 and 42?
14
Calculate the highest common factor of 25 and 265.
5
What is the highest common divisor of 18463 and 37?
37
Calculate the highest common divisor of 65 and 1885.
65
What is the greatest common divisor of 54 and 10?
2
What is the greatest common divisor of 18 and 90?
18
Calculate the greatest common factor of 18 and 666.
18
Calculate the highest common factor of 41 and 1189.
41
Calculate the highest common divisor of 49 and 441.
49
What is the highest common divisor of 410 and 10?
10
What is the highest common factor of 402 and 2144?
134
What is the highest common divisor of 6 and 2406?
6
Calculate the greatest common factor of 22 and 16.
2
What is the greatest common divisor of 12965 and 10?
5
What is the greatest common divisor of 24 and 2616?
24
What is the greatest common divisor of 442 and 234?
26
Calculate the greatest common divisor of 2314 and 2848.
178
Calculate the highest common divisor of 84 and 11004.
84
What is the highest common factor of 6279 and 78?
39
What is the highest common divisor of 174 and 5133?
87
Calculate the highest common factor of 1247 and 989.
43
Calculate the greatest common factor of 18345 and 15.
15
Calculate the highest common factor of 128 and 5248.
128
What is the highest common divisor of 7 and 8743?
7
What is the greatest common divisor of 13 and 923?
13
Calculate the greatest common factor of 186 and 18.
6
Calculate the highest common factor of 42 and 1904.
14
Calculate the greatest common factor of 38 and 1406.
38
Calculate the greatest common divisor of 56 and 728.
56
Calculate the highest common factor of 22173 and 19.
19
Calculate the greatest common factor of 5176 and 56.
8
Calculate the highest common divisor of 435 and 1015.
145
What is the greatest common factor of 37 and 148?
37
What is the greatest common divisor of 1746 and 126?
18
Calculate the greatest common divisor of 609 and 231.
21
What is the greatest common divisor of 7150 and 520?
130
What is the highest common divisor of 156 and 208?
52
Calculate the highest common divisor of 363 and 4477.
121
What is the greatest common divisor of 23 and 56557?
23
Calculate the greatest common factor of 88 and 40.
8
What is the highest common factor of 11 and 44?
11
What is the greatest common divisor of 220 and 330?
110
Calculate the highest common factor of 220 and 572.
44
What is the greatest common factor of 126 and 441?
63
What is the highest common divisor of 285 and 1672?
19
What is the greatest common divisor of 171 and 152?
19
Calculate the greatest common divisor of 2691 and 234.
117
Calculate the highest common divisor of 182 and 169.
13
Calculate the highest common factor of 138 and 2990.
46
What is the highest common factor of 317 and 77982?
317
Calculate the greatest common divisor of 8683 and 19.
19
What is the highest common divisor of 40 and 70?
10
What is the greatest common factor of 30 and 750?
30
What is the greates